mon factor of 1524 and 3175.
127
Calculate the highest common factor of 8 and 95.
1
Calculate the highest common factor of 20 and 1290.
10
Calculate the greatest common factor of 528 and 462.
66
Calculate the greatest common factor of 18048 and 141.
141
What is the greatest common divisor of 420 and 48?
12
What is the highest common factor of 267 and 6319?
89
What is the greatest common divisor of 40 and 980?
20
What is the highest common factor of 207 and 3358?
23
Calculate the highest common divisor of 58 and 696.
58
What is the greatest common divisor of 776 and 40?
8
What is the highest common factor of 20 and 276?
4
Calculate the highest common factor of 192 and 72.
24
What is the highest common factor of 459 and 34?
17
What is the highest common factor of 98 and 434?
14
Calculate the greatest common factor of 107884 and 28.
28
What is the greatest common divisor of 155 and 15?
5
What is the highest common divisor of 128 and 96?
32
Calculate the greatest common divisor of 32 and 212.
4
Calculate the greatest common factor of 49 and 112.
7
Calculate the highest common factor of 1598 and 94.
94
What is the highest common divisor of 494 and 26?
26
What is the highest common factor of 760 and 40?
40
Calculate the greatest common divisor of 99 and 4191.
33
What is the greatest common divisor of 18 and 16164?
18
What is the greatest common divisor of 25 and 5?
5
Calculate the greatest common divisor of 8 and 526.
2
What is the greatest common factor of 48 and 304?
16
Calculate the highest common divisor of 5250 and 30.
30
Calculate the highest common factor of 45 and 2070.
45
Calculate the greatest common factor of 26 and 169.
13
What is the greatest common factor of 248 and 31?
31
What is the highest common factor of 32 and 288?
32
What is the highest common divisor of 132220 and 110?
110
Calculate the greatest common factor of 3874 and 130.
26
Calculate the highest common factor of 68 and 1411.
17
Calculate the highest common divisor of 5777 and 109.
109
Calculate the highest common divisor of 40 and 1050.
10
Calculate the highest common divisor of 13 and 52.
13
Calculate the greatest common factor of 3038 and 392.
98
Calculate the greatest common factor of 154 and 132.
22
What is the greatest common divisor of 725 and 29?
29
Calculate the greatest common divisor of 192 and 288.
96
Calculate the highest common divisor of 24662 and 1254.
418
What is the greatest common divisor of 735 and 45?
15
What is the highest common factor of 3 and 87?
3
Calculate the greatest common factor of 696 and 29.
29
What is the greatest common divisor of 41 and 2911?
41
What is the greatest common divisor of 7397 and 13?
13
What is the greatest common divisor of 224 and 14?
14
What is the highest common factor of 6 and 142?
2
Calculate the greatest common factor of 9 and 3843.
9
Calculate the greatest common factor of 21 and 224.
7
Calculate the greatest common divisor of 6000 and 96.
48
What is the greatest common divisor of 196 and 12?
4
Calculate the highest common divisor of 143 and 65.
13
Calculate the highest common divisor of 1555 and 10.
5
What is the highest common factor of 2240 and 770?
70
What is the greatest common factor of 8176 and 98?
14
Calculate the greatest common divisor of 1296 and 405.
81
What is the greatest common factor of 62 and 1922?
62
What is the greatest common divisor of 1173 and 69?
69
What is the highest common factor of 1012 and 44?
44
Calculate the greatest common factor of 259 and 21.
7
What is the highest common factor of 248 and 40?
8
Calculate the greatest common factor of 88 and 1628.
44
Calculate the greatest common factor of 1444 and 608.
76
Calculate the greatest common divisor of 63 and 2324.
7
What is the greatest common divisor of 66 and 2409?
33
Calculate the highest common divisor of 163 and 26732.
163
What is the greatest common factor of 6915 and 30?
15
Calculate the highest common factor of 1782 and 108.
54
Calculate the greatest common factor of 130 and 234.
26
Calculate the highest common divisor of 267 and 178.
89
What is the highest common factor of 88 and 33?
11
What is the highest common factor of 40 and 790?
10
What is the highest common factor of 216 and 135?
27
What is the greatest common divisor of 529 and 230?
23
Calculate the greatest common divisor of 686 and 21.
7
What is the highest common divisor of 738 and 574?
82
Calculate the highest common factor of 124 and 1054.
62
Calculate the greatest common divisor of 5723 and 291.
97
Calculate the highest common factor of 35 and 161.
7
What is the highest common divisor of 714 and 182?
14
Calculate the greatest common divisor of 2900 and 29.
29
Calculate the greatest common factor of 55 and 395.
5
Calculate the highest common divisor of 23 and 2231.
23
Calculate the greatest common divisor of 18 and 117.
9
What is the highest common divisor of 80 and 7744?
16
What is the greatest common factor of 19 and 513?
19
What is the highest common factor of 206 and 2?
2
Calculate the greatest common factor of 88 and 120.
8
Calculate the highest common divisor of 459 and 102.
51
Calculate the highest common divisor of 1281 and 357.
21
Calculate the highest common divisor of 34 and 15266.
34
What is the highest common divisor of 13 and 1?
1
What is the highest common divisor of 1137 and 18?
3
What is the highest common divisor of 35 and 105?
35
What is the highest common factor of 1375 and 50?
25
What is the highest common divisor of 24255 and 99?
99
What is the greatest common factor of 6854 and 298?
298
What is the highest common divisor of 18 and 11142?
18
What is the highest common divisor of 52 and 24?
4
What is the greatest common divisor of 34 and 51?
17
What is the greatest common factor of 416 and 26?
26
Calculate the highest common factor of 205 and 287.
41
Calculate the highest common factor of 7198 and 236.
118
What is the highest common factor of 30 and 57?
3
What is the highest common divisor of 2160 and 2064?
48
Calculate the greatest common factor of 1738 and 3950.
158
What is the highest common factor of 5488 and 256?
16
What is the greatest common factor of 17 and 493?
17
What is the greatest common factor of 256 and 1984?
64
Calculate the highest common factor of 11 and 352.
11
What is the highest common divisor of 138 and 4623?
69
Calculate the highest common divisor of 2745 and 45.
45
What is the greatest common factor of 40 and 380?
20
Calculate the highest common factor of 112 and 364.
28
Calculate the highest common divisor of 27828 and 36.
36
What is the highest common divisor of 74 and 111?
37
Calculate the greatest common factor of 119 and 84.
7
Calculate the highest common factor of 96 and 1264.
16
Calculate the highest common divisor of 24193 and 26.
13
What is the highest common factor of 46 and 41078?
46
What is the highest common factor of 52 and 130?
26
Calculate the highest common divisor of 135 and 864.
27
Calculate the highest common divisor of 102 and 3502.
34
Calculate the highest common factor of 513 and 1387.
19
Calculate the greatest common factor of 7171 and 909.
101
Calculate the greatest common factor of 21709 and 34.
17
What is the highest common factor of 4131 and 34?
17
Calculate the greatest common factor of 174 and 783.
87
Calculate the highest common divisor of 18164 and 76.
76
What is the greatest common factor of 20049 and 41?
41
Calculate the greatest common factor of 2534 and 905.
181
What is the greatest common divisor of 144 and 1392?
48
What is the highest common factor of 50 and 12300?
50
Calculate the greatest common factor of 970 and 10.
10
Calculate the highest common factor of 408 and 51.
51
Calculate the highest common factor of 48 and 816.
48
What is the greatest common divisor of 88 and 77?
11
What is the greatest common factor of 216 and 8?
8
Calculate the greatest common factor of 14 and 203.
7
Calculate the greatest common factor of 416 and 96.
32
Calculate the greatest common factor of 17 and 459.
17
What is the greatest common factor of 12330 and 90?
90
What is the highest common factor of 27 and 837?
27
Calculate the highest common divisor of 9 and 26343.
9
What is the highest common factor of 152 and 16264?
152
Calculate the highest common divisor of 120 and 510.
30
What is the highest comm